{"id":605,"date":"2019-10-14T16:46:38","date_gmt":"2019-10-14T14:46:38","guid":{"rendered":"https:\/\/mainodentalclinics.abnet.online\/?page_id=605"},"modified":"2021-02-08T14:09:52","modified_gmt":"2021-02-08T13:09:52","slug":"conservativa","status":"publish","type":"page","link":"https:\/\/mainodentalclinics.abnet.online\/?page_id=605","title":{"rendered":"Conservativa"},"content":{"rendered":"<p>[vc_row css_animation=&#8221;&#8221; row_type=&#8221;row&#8221; use_row_as_full_screen_section=&#8221;no&#8221; type=&#8221;full_width&#8221; angled_section=&#8221;no&#8221; text_align=&#8221;left&#8221; background_image_as_pattern=&#8221;without_pattern&#8221;][vc_column][vc_single_image image=&#8221;2457&#8243; img_size=&#8221;full&#8221; qode_css_animation=&#8221;&#8221;][\/vc_column][\/vc_row][vc_row css_animation=&#8221;&#8221; row_type=&#8221;row&#8221; use_row_as_full_screen_section=&#8221;no&#8221; type=&#8221;full_width&#8221; angled_section=&#8221;no&#8221; text_align=&#8221;left&#8221; background_image_as_pattern=&#8221;without_pattern&#8221;][vc_column][vc_empty_space][\/vc_column][\/vc_row][vc_row css_animation=&#8221;&#8221; row_type=&#8221;row&#8221; use_row_as_full_screen_section=&#8221;no&#8221; type=&#8221;grid&#8221; angled_section=&#8221;no&#8221; text_align=&#8221;left&#8221; background_image_as_pattern=&#8221;without_pattern&#8221; z_index=&#8221;&#8221;][vc_column css=&#8221;.vc_custom_1592400200447{padding-bottom: 5% !important;}&#8221;][vc_column_text]<\/p>\n<h2 style=\"text-align: center; font-size: 30px;\">Odontoiatria Conservativa<\/h2>\n<p>[\/vc_column_text][vc_empty_space][vc_column_text el_class=&#8221;white-p&#8221; css=&#8221;.vc_custom_1600265056479{padding-top: 40px !important;padding-right: 40px !important;padding-bottom: 40px !important;padding-left: 40px !important;background-color: #a9bde0 !important;}&#8221;]<\/p>\n<p style=\"text-align: center;\">L&#8217;odontoiatria conservativa, o restaurativa \u00e8 quella branca che si occupa di ricostruire gli elementi dentali che hanno perso parte della loro struttura dentale in seguito a carie o eventi traumatici.<\/p>\n<p style=\"text-align: center;\">Il nome conservativa deriva dall&#8217;approccio minimamente invasivo che punta al rispetto delle strutture dentali residue ed al loro mantenimento nel tempo.<\/p>\n<p style=\"text-align: center;\">Tutte le terapie di odontoiatria conservativa devono essere eseguite seguendo protocolli di isolamento del campo operatorio con diga di gomma per garantire la sicurezza del paziente e la durata el nostro restauro.<br \/>\nNella storia della conservativa si sono utilizzati materiali di restauro quali amalgama d&#8217;argento, resine, oro, ceramica. A oggi i materiali pi\u00f9 utilizzati sono le resine composite e le ceramiche per le loro indubbie caratteristiche estetiche e funzionali<\/p>\n<p>[\/vc_column_text][\/vc_column][\/vc_row][vc_row css_animation=&#8221;&#8221; row_type=&#8221;row&#8221; use_row_as_full_screen_section=&#8221;no&#8221; type=&#8221;grid&#8221; angled_section=&#8221;no&#8221; text_align=&#8221;left&#8221; background_image_as_pattern=&#8221;without_pattern&#8221; css=&#8221;.vc_custom_1612789790767{background-image: url(https:\/\/mainodentalclinics.abnet.online\/wp-content\/uploads\/2020\/03\/backst.jpg?id=956) !important;}&#8221; z_index=&#8221;&#8221;][vc_column][vc_column_text css=&#8221;.vc_custom_1584970632260{margin-top: 30px !important;margin-bottom: 30px !important;}&#8221;]<\/p>\n<h3 style=\"text-align: center;\">Odontoiatria Conservativa diretta con resine composite<\/h3>\n<p>[\/vc_column_text][vc_empty_space height=&#8221;12px&#8221;][vc_row_inner row_type=&#8221;row&#8221; type=&#8221;grid&#8221; text_align=&#8221;left&#8221; css_animation=&#8221;element_from_top&#8221;][vc_column_inner width=&#8221;1\/2&#8243;][vc_single_image image=&#8221;1233&#8243; img_size=&#8221;full&#8221; qode_css_animation=&#8221;element_from_left&#8221;][\/vc_column_inner][vc_column_inner width=&#8221;1\/2&#8243;][vc_column_text css=&#8221;.vc_custom_1585639337550{margin-top: 5% !important;}&#8221;]<\/p>\n<h4>Cosa sono i Restauri diretti nell&#8217;Odontoiatria Conservativa<\/h4>\n<p>Sono le otturazioni eseguite in un&#8217;unica seduta: il materiale utilizzato \u00e8 la resina composita che viene indurita con una lampada fotopolimerizzante e poi rifinita e lucidata direttamente. I compositi utilizzati hanno moltissime gamme di colore, trasparenze, valori, e questo ci permette di simulare perfettamente le caratteristiche del dente da ricostruire tanto da rendere non distinguibile la differenza tra l&#8217;elemento naturale e i nostri restauri.<\/p>\n<p><strong>Con i nuovi materiali la riabilitazione estetica raggiunge un livello di naturalezza tale da rendere praticamente invisibile la cura<\/strong>[\/vc_column_text][vc_empty_space][\/vc_column_inner][\/vc_row_inner][vc_empty_space][vc_column_text css=&#8221;.vc_custom_1584970700277{margin-top: 30px !important;margin-bottom: 30px !important;}&#8221;]<\/p>\n<h3 style=\"text-align: center;\">Odontoiatria Conservativa indiretta: inlay onlay in composito o in ceramica<\/h3>\n<p>[\/vc_column_text][vc_empty_space height=&#8221;12px&#8221;][vc_row_inner row_type=&#8221;row&#8221; type=&#8221;grid&#8221; text_align=&#8221;left&#8221; css_animation=&#8221;element_from_top&#8221;][vc_column_inner width=&#8221;1\/2&#8243;][vc_column_text css=&#8221;.vc_custom_1585639345686{margin-top: 5% !important;}&#8221;]<\/p>\n<h4>Cosa sono i Restauri indiretti nell&#8217;Odontoiatria Conservativa<\/h4>\n<p>Sono le otturazioni che vengono eseguite in due tempi:<\/p>\n<ul>\n<li>nella prima seduta viene rimossa ed eventuali vecchi restauri non pi\u00f9 adeguati, le preparazioni molto precise possono riguardare pi\u00f9 elementi dentari della stessa arcata. Dopo la preparazione vengono effettuate le impronte delle cavit\u00e0, che vengono date al laboratorio odontotecnico.<\/li>\n<li>il laboratorio potr\u00e0 eseguire i restauri indiretti, definiti intarsi, in materiale composito o in ceramica.<\/li>\n<li>Gli intarsi vengono cementate nelle cavit\u00e0 preparate.<\/li>\n<\/ul>\n<p><strong>I vantaggi sono: la precisione, l&#8217;estetica, la possibilit\u00e0 di trattare molti denti in due sedute, la stabilit\u00e0 nel tempo.<\/strong><\/p>\n<p><strong>Con i nuovi materiali la riabilitazione estetica raggiunge un livello di naturalezza tale da rendere praticamente invisibile la cura<\/strong>[\/vc_column_text][vc_empty_space][\/vc_column_inner][vc_column_inner width=&#8221;1\/2&#8243;][vc_single_image image=&#8221;1234&#8243; img_size=&#8221;full&#8221; qode_css_animation=&#8221;element_from_right&#8221;][\/vc_column_inner][\/vc_row_inner][\/vc_column][\/vc_row][vc_row css_animation=&#8221;&#8221; row_type=&#8221;row&#8221; use_row_as_full_screen_section=&#8221;no&#8221; type=&#8221;full_width&#8221; angled_section=&#8221;no&#8221; text_align=&#8221;left&#8221; background_image_as_pattern=&#8221;without_pattern&#8221;][vc_column][vc_empty_space][\/vc_column][\/vc_row][vc_row css_animation=&#8221;&#8221; row_type=&#8221;row&#8221; use_row_as_full_screen_section=&#8221;no&#8221; type=&#8221;full_width&#8221; angled_section=&#8221;no&#8221; text_align=&#8221;left&#8221; background_image_as_pattern=&#8221;without_pattern&#8221;][vc_column][vc_empty_space height=&#8221;15px&#8221;][vc_raw_html]JTNDYSUyMGhyZWYlM0QlMjJodHRwcyUzQSUyRiUyRm1haW5vZGVudGFsY2xpbmljcy5hYm5ldC5vbmxpbmUlMkZkZW50aXN0cnklMkYlMjIlM0UlM0NwJTIwc3R5bGUlM0QlMjJmb250LXNpemUlM0ExN3B4JTNCJTIwY29sb3IlM0ElMjMzMDMwMzAlM0IlMjIlM0UlM0NzcGFuJTIwYXJpYS1oaWRkZW4lM0QlMjJ0cnVlJTIyJTIwY2xhc3MlM0QlMjJxb2RlX2ljb25fZm9udF9lbGVnYW50JTIwYXJyb3dfY2Fycm90LWxlZnRfYWx0JTIwcW9kZV9pd3RfaWNvbl9lbGVtZW50JTIyJTIwc3R5bGUlM0QlMjJkaXNwbGF5JTNBJTIwaW5saW5lLWJsb2NrJTNCJTIwZm9udC1zaXplJTNBMzBweCUzQiUyMHZlcnRpY2FsLWFsaWduJTNBJTIwbWlkZGxlJTNCJTIwbWFyZ2luLXRvcCUzQS01cHglM0IlMjIlM0UlM0MlMkZzcGFuJTNFJTI2bmJzcCUzQlRvcm5hJTIwYWxsYSUyMHNlemlvbmUlMjBEZW50aXN0cnklM0MlMkZwJTNFJTNDJTJGYSUzRQ==[\/vc_raw_html][\/vc_column][\/vc_row][vc_row css_animation=&#8221;&#8221; row_type=&#8221;row&#8221; use_row_as_full_screen_section=&#8221;no&#8221; type=&#8221;full_width&#8221; angled_section=&#8221;no&#8221; text_align=&#8221;left&#8221; background_image_as_pattern=&#8221;without_pattern&#8221; z_index=&#8221;&#8221;][vc_column][vc_separator type=&#8221;normal&#8221; color=&#8221;#9d557b&#8221; thickness=&#8221;1&#8243;][vc_empty_space height=&#8221;22px&#8221;][\/vc_column][\/vc_row][vc_row css_animation=&#8221;&#8221; row_type=&#8221;row&#8221; use_row_as_full_screen_section=&#8221;no&#8221; type=&#8221;grid&#8221; angled_section=&#8221;no&#8221; text_align=&#8221;left&#8221; background_image_as_pattern=&#8221;without_pattern&#8221; z_index=&#8221;&#8221; el_class=&#8221;onbottom&#8221; css=&#8221;.vc_custom_1600265077876{padding-top: 100px !important;padding-bottom: 100px !important;background-image: url(https:\/\/mainodentalclinics.abnet.online\/wp-content\/uploads\/2020\/09\/dentistry-back.jpg?id=2457) !important;}&#8221;][vc_column][\/vc_column][\/vc_row][vc_row css_animation=&#8221;&#8221; row_type=&#8221;row&#8221; use_row_as_full_screen_section=&#8221;no&#8221; type=&#8221;full_width&#8221; angled_section=&#8221;no&#8221; text_align=&#8221;left&#8221; background_image_as_pattern=&#8221;without_pattern&#8221; z_index=&#8221;&#8221; background_image=&#8221;161&#8243;][vc_column css=&#8221;.vc_custom_1583328233609{padding-top: 10% !important;padding-bottom: 5% !important;}&#8221;][vc_row_inner row_type=&#8221;row&#8221; type=&#8221;grid&#8221; text_align=&#8221;left&#8221; css_animation=&#8221;&#8221;][vc_column_inner][vc_column_text]<\/p>\n<h2 style=\"text-align: center;\">Contatti<\/h2>\n<p>[\/vc_column_text][vc_separator type=&#8221;normal&#8221;][vc_empty_space][\/vc_column_inner][\/vc_row_inner][vc_row_inner row_type=&#8221;row&#8221; type=&#8221;grid&#8221; text_align=&#8221;left&#8221; css_animation=&#8221;&#8221; el_class=&#8221;sedi&#8221;][vc_column_inner width=&#8221;1\/2&#8243; css=&#8221;.vc_custom_1583319718961{margin-right: 10px !important;}&#8221;][vc_column_text]<\/p>\n<h2 style=\"text-align: left;\"><img loading=\"lazy\" class=\"size-full wp-image-182 alignleft\" src=\"https:\/\/mainodentalclinics.abnet.online\/wp-content\/uploads\/2019\/07\/icon-vic.png\" alt=\"\" width=\"40\" height=\"40\" \/>VICENZA<\/h2>\n<p>[\/vc_column_text][vc_separator type=&#8221;normal&#8221;][vc_empty_space height=&#8221;20px&#8221;][vc_column_text]<\/p>\n<h4 style=\"text-align: left;\">Viale Milano 53 &#8211; 36100 Vicenza<\/h4>\n<p>[\/vc_column_text][vc_column_text]<\/p>\n<h4>Tel: <a href=\"tel:0444320800\">0444 320800<\/a>\u00a0\u00a0\u00a0<a href=\"tel:0444206061\">0444 206061<\/a><\/h4>\n<div class=\"page\" title=\"Page 2\">\n<div class=\"section\">\n<div class=\"layoutArea\">\n<div class=\"column\">\n<h4>Mail: <a href=\"mailto:vicenza@mainog.com\">vicenza@mainog.com<\/a><\/h4>\n<\/div>\n<\/div>\n<\/div>\n<\/div>\n<p>[\/vc_column_text][vc_empty_space height=&#8221;30px&#8221;][vc_gmaps link=&#8221;#E-8_JTNDaWZyYW1lJTIwc3JjJTNEJTIyaHR0cHMlM0ElMkYlMkZ3d3cuZ29vZ2xlLmNvbSUyRm1hcHMlMkZlbWJlZCUzRnBiJTNEJTIxMW0xNCUyMTFtOCUyMTFtMyUyMTFkMTExNzcuMjAwNzY5ODE4MzI4JTIxMmQxMS41MzYzOTE4JTIxM2Q0NS41NDQyODY0JTIxM20yJTIxMWkxMDI0JTIxMmk3NjglMjE0ZjEzLjElMjEzbTMlMjExbTIlMjExczB4MCUyNTNBMHhkZWEwMzg4MWYxMDI1MjYxJTIxMnNNYWlubyUyNTIwRGVudGFsJTI1MjBDbGluaWNzJTI1MjAlMjU3QyUyNTIwVmljZW56YSUyMTVlMCUyMTNtMiUyMTFzaXQlMjEyc2l0JTIxNHYxNTgzMzE2ODcxNzA0JTIxNW0yJTIxMXNpdCUyMTJzaXQlMjIlMjB3aWR0aCUzRCUyMjYwMCUyMiUyMGhlaWdodCUzRCUyMjQwMCUyMiUyMGZyYW1lYm9yZGVyJTNEJTIyMCUyMiUyMHN0eWxlJTNEJTIyYm9yZGVyJTNBMCUzQiUyMiUyMGFsbG93ZnVsbHNjcmVlbiUzRCUyMiUyMiUzRSUzQyUyRmlmcmFtZSUzRQ==&#8221; el_class=&#8221;map&#8221;][vc_empty_space height=&#8221;20px&#8221;][\/vc_column_inner][vc_column_inner width=&#8221;1\/2&#8243; css=&#8221;.vc_custom_1583319726434{margin-left: 10px !important;}&#8221;][vc_column_text]<\/p>\n<h2 style=\"text-align: left;\"><img loading=\"lazy\" class=\"size-full wp-image-182 alignleft\" src=\"https:\/\/mainodentalclinics.abnet.online\/wp-content\/uploads\/2019\/07\/icon-bdg.png\" alt=\"\" width=\"40\" height=\"40\" srcset=\"https:\/\/mainodentalclinics.abnet.online\/wp-content\/uploads\/2019\/07\/icon-bdg.png 200w, https:\/\/mainodentalclinics.abnet.online\/wp-content\/uploads\/2019\/07\/icon-bdg-150x150.png 150w\" sizes=\"(max-width: 40px) 100vw, 40px\" \/>BASSANO DEL GRAPPA<\/h2>\n<p>[\/vc_column_text][vc_separator type=&#8221;normal&#8221;][vc_empty_space height=&#8221;20px&#8221;][vc_column_text]<\/p>\n<h4 style=\"text-align: left;\">Viale Passalacqua 10 &#8211; 36061 Bassano d. G. (VI)<\/h4>\n<p>[\/vc_column_text][vc_column_text]<\/p>\n<h4>Tel: <a href=\"tel:0424512900\">0424 512900<\/a>\u00a0\u00a0\u00a0<a href=\"tel:0424819585\">0424 819585<\/a><\/h4>\n<h4>Mail: <a href=\"mailto:bassano@mainog.com\">bassano@mainog.com<\/a><\/h4>\n<p>[\/vc_column_text][vc_empty_space height=&#8221;30px&#8221;][vc_gmaps link=&#8221;#E-8_JTNDaWZyYW1lJTIwc3JjJTNEJTIyaHR0cHMlM0ElMkYlMkZ3d3cuZ29vZ2xlLmNvbSUyRm1hcHMlMkZlbWJlZCUzRnBiJTNEJTIxMW0xOCUyMTFtMTIlMjExbTMlMjExZDgwNzMuODExNjI1OTAxOTElMjEyZDExLjczOTgwNDkwMjY5OTQ1JTIxM2Q0NS43Njk0NzcxNzY2Mzg3OTQlMjEybTMlMjExZjAlMjEyZjAlMjEzZjAlMjEzbTIlMjExaTEwMjQlMjEyaTc2OCUyMTRmMTMuMSUyMTNtMyUyMTFtMiUyMTFzMHg0Nzc4ZGE4OThiMDUwZDAxJTI1M0EweDMzYjBiNGRjMzEwNDNhYWQlMjEyc01haW5vJTI1MjBEZW50YWwlMjUyMENsaW5pY3MlMjUyMCUyNTdDJTI1MjBCYXNzYW5vJTI1MjBEZWwlMjUyMEdyYXBwYSUyMTVlMCUyMTNtMiUyMTFzaXQlMjEyc2l0JTIxNHYxNTgzMjQ4ODAzMzc2JTIxNW0yJTIxMXNpdCUyMTJzaXQlMjIlMjB3aWR0aCUzRCUyMjYwMCUyMiUyMGhlaWdodCUzRCUyMjQwMCUyMiUyMGZyYW1lYm9yZGVyJTNEJTIyMCUyMiUyMHN0eWxlJTNEJTIyYm9yZGVyJTNBMCUzQiUyMiUyMGFsbG93ZnVsbHNjcmVlbiUzRCUyMiUyMiUzRSUzQyUyRmlmcmFtZSUzRQ==&#8221; el_class=&#8221;map&#8221;][\/vc_column_inner][\/vc_row_inner][\/vc_column][\/vc_row][vc_row css_animation=&#8221;&#8221; row_type=&#8221;row&#8221; use_row_as_full_screen_section=&#8221;no&#8221; type=&#8221;grid&#8221; angled_section=&#8221;no&#8221; text_align=&#8221;center&#8221; background_image_as_pattern=&#8221;without_pattern&#8221; z_index=&#8221;&#8221; css=&#8221;.vc_custom_1583317887043{margin-bottom: 3% !important;}&#8221;][vc_column][vc_column_text]<\/p>\n<h2>Compila il form per avere maggiori informazioni<\/h2>\n<p>[\/vc_column_text]<div role=\"form\" class=\"wpcf7\" id=\"wpcf7-f149-o1\" lang=\"it-IT\" dir=\"ltr\">\n<div class=\"screen-reader-response\"><p role=\"status\" aria-live=\"polite\" aria-atomic=\"true\"><\/p> <ul><\/ul><\/div>\n<form action=\"\/index.php?rest_route=%2Fwp%2Fv2%2Fpages%2F605#wpcf7-f149-o1\" method=\"post\" class=\"wpcf7-form init cf7_custom_style_1\" novalidate=\"novalidate\" data-status=\"init\">\n<div style=\"display: none;\">\n<input type=\"hidden\" name=\"_wpcf7\" value=\"149\" \/>\n<input type=\"hidden\" name=\"_wpcf7_version\" value=\"5.4.2\" \/>\n<input type=\"hidden\" name=\"_wpcf7_locale\" value=\"it_IT\" \/>\n<input type=\"hidden\" name=\"_wpcf7_unit_tag\" value=\"wpcf7-f149-o1\" \/>\n<input type=\"hidden\" name=\"_wpcf7_container_post\" value=\"0\" \/>\n<input type=\"hidden\" name=\"_wpcf7_posted_data_hash\" value=\"\" \/>\n<\/div>\n<p><script>\ndocument.addEventListener( 'wpcf7mailsent', function( event ) {\n    location = '\/grazie';\n}, false );\n<\/script><\/p>\n<p><span class=\"wpcf7-form-control-wrap your-name\"><input type=\"text\" name=\"your-name\" value=\"\" size=\"40\" class=\"wpcf7-form-control wpcf7-text wpcf7-validates-as-required\" aria-required=\"true\" aria-invalid=\"false\" placeholder=\"Nome e Cognome\" \/><\/span><\/p>\n<p><span class=\"wpcf7-form-control-wrap your-mail\"><input type=\"email\" name=\"your-mail\" value=\"\" size=\"40\" class=\"wpcf7-form-control wpcf7-text wpcf7-email wpcf7-validates-as-required wpcf7-validates-as-email\" aria-required=\"true\" aria-invalid=\"false\" placeholder=\"Mail\" \/><\/span><\/p>\n<p><span class=\"wpcf7-form-control-wrap your-phone\"><input type=\"tel\" name=\"your-phone\" value=\"\" size=\"40\" class=\"wpcf7-form-control wpcf7-text wpcf7-tel wpcf7-validates-as-required wpcf7-validates-as-tel\" aria-required=\"true\" aria-invalid=\"false\" placeholder=\"Telefono\" \/><\/span><\/p>\n<p><span class=\"wpcf7-form-control-wrap select-hour\"><select name=\"select-hour\" class=\"wpcf7-form-control wpcf7-select wpcf7-validates-as-required\" aria-required=\"true\" aria-invalid=\"false\"><option value=\"\">Orario preferito per essere contattato<\/option><option value=\"8:00\">8:00<\/option><option value=\"9:00\">9:00<\/option><option value=\"10:00\">10:00<\/option><option value=\"11:00\">11:00<\/option><option value=\"12:00\">12:00<\/option><option value=\"15:00\">15:00<\/option><option value=\"16:00\">16:00<\/option><option value=\"17:00\">17:00<\/option><\/select><\/span><\/p>\n<p><span class=\"wpcf7-form-control-wrap your-recipient\"><select name=\"your-recipient\" class=\"wpcf7-form-control wpcf7-select wpcf7-validates-as-required\" aria-required=\"true\" aria-invalid=\"false\"><option value=\"Sede\">Sede<\/option><option value=\"VICENZA\">VICENZA<\/option><option value=\"BASSANO DEL GRAPPA\">BASSANO DEL GRAPPA<\/option><\/select><\/span><\/p>\n<p><span class=\"wpcf7-form-control-wrap your-message\"><textarea name=\"your-message\" cols=\"40\" rows=\"10\" class=\"wpcf7-form-control wpcf7-textarea wpcf7-validates-as-required\" aria-required=\"true\" aria-invalid=\"false\" placeholder=\"Messaggio\"><\/textarea><\/span><\/p>\n<div class=\"right_field\" style=\"text-align: left\">\n  <span class=\"wpcf7-form-control-wrap accept-this-1\"><span class=\"wpcf7-form-control wpcf7-acceptance\"><span class=\"wpcf7-list-item\"><input type=\"checkbox\" name=\"accept-this-1\" value=\"1\" aria-invalid=\"false\" \/><\/span><\/span><\/span> Dichiaro di aver letto l'informativa della privacy e acconsento al trattamento dei dati personali ai sensi degli articoli 13-14 del GDPR 2016\/679\n<\/div>\n<p><\/br><\/p>\n<div class=\"left_field\" style=\"text-align: left\">\n<p><input type=\"submit\" value=\"Invia\" class=\"wpcf7-form-control wpcf7-submit\" \/><\/p>\n<\/div>\n<input type='hidden' class='wpcf7-pum' value='{\"closepopup\":false,\"closedelay\":0,\"openpopup\":false,\"openpopup_id\":0}' \/><div class=\"wpcf7-response-output\" aria-hidden=\"true\"><\/div><\/form><\/div>[\/vc_column][\/vc_row]<\/p>\n","protected":false},"excerpt":{"rendered":"<p>[vc_row css_animation=&#8221;&#8221; row_type=&#8221;row&#8221; use_row_as_full_screen_section=&#8221;no&#8221; type=&#8221;full_width&#8221; angled_section=&#8221;no&#8221; text_align=&#8221;left&#8221; background_image_as_pattern=&#8221;without_pattern&#8221;][vc_column][vc_single_image image=&#8221;2457&#8243; img_size=&#8221;full&#8221; qode_css_animation=&#8221;&#8221;][\/vc_column][\/vc_row][vc_row css_animation=&#8221;&#8221; row_type=&#8221;row&#8221; use_row_as_full_screen_section=&#8221;no&#8221; type=&#8221;full_width&#8221; angled_section=&#8221;no&#8221; text_align=&#8221;left&#8221; background_image_as_pattern=&#8221;without_pattern&#8221;][vc_column][vc_empty_space][\/vc_column][\/vc_row][vc_row css_animation=&#8221;&#8221; row_type=&#8221;row&#8221; use_row_as_full_screen_section=&#8221;no&#8221; type=&#8221;grid&#8221; angled_section=&#8221;no&#8221; text_align=&#8221;left&#8221; background_image_as_pattern=&#8221;without_pattern&#8221; z_index=&#8221;&#8221;][vc_column css=&#8221;.vc_custom_1592400200447{padding-bottom: 5% !important;}&#8221;][vc_column_text] Odontoiatria Conservativa [\/vc_column_text][vc_empty_space][vc_column_text el_class=&#8221;white-p&#8221; css=&#8221;.vc_custom_1600265056479{padding-top: 40px !important;padding-right: 40px !important;padding-bottom: 40px !important;padding-left: 40px !important;background-color: #a9bde0 !important;}&#8221;] L&#8217;odontoiatria&#8230;<\/p>\n","protected":false},"author":1,"featured_media":0,"parent":581,"menu_order":0,"comment_status":"closed","ping_status":"closed","template":"full_width.php","meta":[],"_links":{"self":[{"href":"https:\/\/mainodentalclinics.abnet.online\/index.php?rest_route=\/wp\/v2\/pages\/605"}],"collection":[{"href":"https:\/\/mainodentalclinics.abnet.online\/index.php?rest_route=\/wp\/v2\/pages"}],"about":[{"href":"https:\/\/mainodentalclinics.abnet.online\/index.php?rest_route=\/wp\/v2\/types\/page"}],"author":[{"embeddable":true,"href":"https:\/\/mainodentalclinics.abnet.online\/index.php?rest_route=\/wp\/v2\/users\/1"}],"replies":[{"embeddable":true,"href":"https:\/\/mainodentalclinics.abnet.online\/index.php?rest_route=%2Fwp%2Fv2%2Fcomments&post=605"}],"version-history":[{"count":23,"href":"https:\/\/mainodentalclinics.abnet.online\/index.php?rest_route=\/wp\/v2\/pages\/605\/revisions"}],"predecessor-version":[{"id":2924,"href":"https:\/\/mainodentalclinics.abnet.online\/index.php?rest_route=\/wp\/v2\/pages\/605\/revisions\/2924"}],"up":[{"embeddable":true,"href":"https:\/\/mainodentalclinics.abnet.online\/index.php?rest_route=\/wp\/v2\/pages\/581"}],"wp:attachment":[{"href":"https:\/\/mainodentalclinics.abnet.online\/index.php?rest_route=%2Fwp%2Fv2%2Fmedia&parent=605"}],"curies":[{"name":"wp","href":"https:\/\/api.w.org\/{rel}","templated":true}]}}